 2777
What are the prime factors of 15510772?
2, 101, 38393
List the prime factors of 17070614.
2, 11, 775937
What are the prime factors of 42332219?
42332219
What are the prime factors of 60223?
60223
List the prime factors of 16166486.
2, 7, 227, 5087
List the prime factors of 3254450.
2, 5, 65089
List the prime factors of 186256.
2, 7, 1663
List the prime factors of 32875.
5, 263
List the prime factors of 11402113.
11402113
List the prime factors of 7897165.
5, 23, 43, 1597
What are the prime factors of 395386?
2, 17, 29, 401
What are the prime factors of 170193?
3, 56731
List the prime factors of 2446796.
2, 11, 55609
List the prime factors of 454233.
3, 13, 19, 613
List the prime factors of 1759097.
1759097
List the prime factors of 1731496.
2, 13, 16649
List the prime factors of 560263.
11, 31, 53
What are the prime factors of 6145144?
2, 97, 7919
What are the prime factors of 23355?
3, 5, 173
What are the prime factors of 258645?
3, 5, 43, 401
What are the prime factors of 10407319?
13, 181, 4423
List the prime factors of 6259420.
2, 5, 312971
List the prime factors of 945086.
2, 472543
What are the prime factors of 367647?
3, 7, 41, 61
What are the prime factors of 452929?
673
List the prime factors of 1266461.
7, 239, 757
List the prime factors of 14854278.
2, 3, 89, 27817
List the prime factors of 128117.
11, 19, 613
What are the prime factors of 18376084?
2, 137, 33533
List the prime factors of 9060057.
3, 41, 43, 571
What are the prime factors of 4174065?
3, 5, 7, 631
List the prime factors of 20625990.
2, 3, 5, 7, 11, 8929
What are the prime factors of 7461970?
2, 5, 746197
What are the prime factors of 25002943?
7, 3571849
List the prime factors of 129185.
5, 7, 3691
List the prime factors of 3726658.
2, 13, 143333
What are the prime factors of 224254?
2, 31, 3617
What are the prime factors of 40024?
2, 5003
What are the prime factors of 8905259?
11, 809569
What are the prime factors of 647623?
43, 15061
List the prime factors of 7771582.
2, 7, 13, 42701
What are the prime factors of 378917?
7, 11, 19, 37
List the prime factors of 478095.
3, 5, 31873
What are the prime factors of 107616?
2, 3, 19, 59
What are the prime factors of 76529?
103, 743
What are the prime factors of 979427?
37, 103, 257
List the prime factors of 642236.
2, 7, 22937
What are the prime factors of 26945?
5, 17, 317
What are the prime factors of 161972?
2, 40493
What are the prime factors of 5282189?
11, 17, 47, 601
List the prime factors of 5302693.
11, 239, 2017
What are the prime factors of 516642?
2, 3, 7, 12301
List the prime factors of 4592638.
2, 367, 6257
List the prime factors of 711378.
2, 3, 39521
List the prime factors of 12122786.
2, 13, 466261
What are the prime factors of 3716415?
3, 5, 27529
What are the prime factors of 2692137?
3, 7, 17, 7541
What are the prime factors of 76477?
31, 2467
What are the prime factors of 491200?
2, 5, 307
What are the prime factors of 3809722?
2, 7, 503, 541
List the prime factors of 203134.
2, 47, 2161
List the prime factors of 1473975.
3, 5, 6551
What are the prime factors of 4402870?
2, 5, 19, 23173
What are the prime factors of 2024833?
2024833
What are the prime factors of 2143707?
3, 714569
List the prime factors of 1125522.
2, 3, 19, 1097
List the prime factors of 192969.
3, 7, 1021
What are the prime factors of 237549?
3, 13, 6091
What are the prime factors of 2124351?
3, 193, 1223
List the prime factors of 616416.
2, 3, 6421
What are the prime factors of 900401?
41, 21961
What are the prime factors of 5237024?
2, 13, 12589
List the prime factors of 4191967.
13, 322459
List the prime factors of 2527722.
2, 3, 19, 389
List the prime factors of 15231532.
2, 3807883
What are the prime factors of 129475?
5, 5179
List the prime factors of 1644835.
5, 17, 37, 523
What are the prime factors of 35975606?
2, 43, 418321
What are the prime factors of 3341374?
2, 1670687
List the prime factors of 627849.
3, 69761
List the prime factors of 6206873.
443, 14011
What are the prime factors of 87100?
2, 5, 13, 67
List the prime factors of 242424.
2, 3, 7, 13, 37
What are the prime factors of 847328?
2, 26479
What are the prime factors of 518168?
2, 7, 19, 487
List the prime factors of 16260289.
167, 97367
What are the prime factors of 6111998?
2, 73, 41863
List the prime factors of 642824.
2, 7, 13, 883
What are the prime factors of 10150583?
61, 166403
What are the prime factors of 890157?
3, 296719
What are the prime factors of 3839698?
2, 349, 5501
What are the prime factors of 8696726?
2, 241, 18043
List the prime factors of 8562718.
2, 4281359
What are the prime factors of 67052?
2, 16763
List the prime factors of 21825604.
2, 19, 287179
List the prime factors of 2272545.
3, 5, 11, 4591
What are the prime factors of 690707?
19, 36353
What are the prime factors of 555511?
11, 4591
What are the prime factors of 675860?
2, 5, 47, 719
List the prime factors of 3667733.
17, 79, 2731
List the prime factors of 3088530.
2, 3, 5, 31, 41
List the prime factors of 456944.
2, 28559
What are the prime factors of 16147331?
17, 191, 4973
List the prime factors of 155254.
2, 11, 7057
What are the prime factors of 1156917?
3, 385639
List the prime factors of 494635.
5, 98927
What are the prime factors of 125603?
23, 43, 127
What are the prime factors of 12205997?
2621, 4657
List the prime factors of 13251598.
2, 677, 9787
What are the prime factors of 130461?
3, 43487
List the prime factors of 2059810.
2, 5, 205981
List the prime factors of 1115371.
233, 4787
What are the prime factors of 254163?
3, 7, 13, 19
List the prime factors of 1139611.
11, 211, 491
List the prime factors of 1299065.
5, 259813
List the prime factors of 26339272.
2, 431, 7639
What are the prime factors of 5151658?
2, 37, 43, 1619
What are the prime factors of 130602?
2, 3, 21767
List the prime factors of 70097.
191, 367
List the prime factors of 7516040.
2, 5, 7, 17, 1579
What are the prime factors of 181705?
5, 36341
List the prime factors of 23865041.
23865041
What are the prime factors of 295785?
3, 5, 7, 313
List the prime factors of 480931.
11, 43721
What are the prime factors of 1237489?
11, 19, 31, 191
List the prime factors of 850487.
11, 77317
List the prime factors of 5807372.
2, 37, 39239
What are the prime factors of 3572542?
2, 1786271
List the prime factors of 672699.
3, 224233
What are the prime factors of 18304130?
2, 5, 13, 103, 1367
What are the prime factors of 193639?
83, 2333
What are the prime factors of 1022637?
3, 7, 11, 19, 233
What are the prime factors of 5174835?
3, 5, 43, 71, 113
List the prime factors of 27901.
27901
List the prime factors of 1083547.
457, 2371
What are the prime factors of 16745?
5, 17, 197
What are the prime factors of 34383399?
3, 11461133
What are the prime factors of 794082?
2, 3, 132347
List the prime factors of 2244589.
2244589
What are the prime factors of 353543?
41, 8623
What are the prime factors of 58778?
2, 29389
What are the prime factors of 209783?
7, 23, 1303
What are the prime factors of 12331201?
41, 300761
List the prime factors of 2415396.
2, 3, 31, 43, 151
List the prime factors of 58682.
2, 13, 37, 61
List the prime factors of 306450.
2, 3, 5, 227
List the prime factors of 347309.
53, 6553
List the prime factors of 1020134.
2, 510067
What are the prime factors of 4278389?
71, 60259
List the prime factors of 9751439.
239, 40801
What are the prime factors of 12696806?
2, 1907, 3329
What are the prime factors of 258442?
2, 129221
List the prime factors of 5712842.
2, 2856421
What are the prime factors of 100762?
2, 83, 607
List the prime factors of 68200.
2, 5, 11, 31
What are the prime factors of 9291318?
2, 3, 1548553
List the prime factors of 22071585.
3, 5, 53, 27763
What are the prime factors of 415805?
5, 13, 6397
What are the prime factors of 404256?
2, 3, 4211
List the prime factors of 8921544.
2, 3, 251, 1481
What are the prime factors of 50191?
53, 947
List the prime factors of 3674801.
13, 282677
What are the prime factors of 406037?
406037
List the prime factors of 185997.
3, 7, 17, 521
What are the prime factors of 198555?
3, 5, 7, 31, 61
List the prime factors of 293581.
173, 1697
List the prime factors of 55857.
3, 43, 433
What are the prime factors of 10754?
2, 19, 283
What 